igit of 834?
3
What is the hundreds digit of 15624?
6
What is the thousands digit of 1208?
1
What is the tens digit of 1008?
0
What is the hundreds digit of 6122?
1
What is the tens digit of 298?
9
What is the hundreds digit of 1143?
1
What is the hundreds digit of 4090?
0
What is the units digit of 11115?
5
What is the units digit of 433?
3
What is the tens digit of 10218?
1
What is the tens digit of 3428?
2
What is the thousands digit of 15476?
5
What is the thousands digit of 4186?
4
What is the tens digit of 3389?
8
What is the units digit of 4022?
2
What is the thousands digit of 11220?
1
What is the tens digit of 55525?
2
What is the hundred thousands digit of 112315?
1
What is the units digit of 5686?
6
What is the units digit of 160023?
3
What is the hundreds digit of 1205?
2
What is the units digit of 302?
2
What is the units digit of 8778?
8
What is the tens digit of 27305?
0
What is the hundreds digit of 3223?
2
What is the thousands digit of 2790?
2
What is the thousands digit of 2050?
2
What is the hundreds digit of 16728?
7
What is the hundreds digit of 1983?
9
What is the ten thousands digit of 113602?
1
What is the ten thousands digit of 143187?
4
What is the units digit of 12673?
3
What is the units digit of 13190?
0
What is the units digit of 576?
6
What is the hundreds digit of 596?
5
What is the thousands digit of 43983?
3
What is the units digit of 7451?
1
What is the tens digit of 8468?
6
What is the tens digit of 1340?
4
What is the hundreds digit of 963?
9
What is the hundreds digit of 429?
4
What is the tens digit of 1702?
0
What is the hundreds digit of 5377?
3
What is the tens digit of 1127?
2
What is the units digit of 32267?
7
What is the thousands digit of 6723?
6
What is the hundreds digit of 1894?
8
What is the units digit of 1137?
7
What is the thousands digit of 3178?
3
What is the hundreds digit of 24762?
7
What is the tens digit of 2054?
5
What is the hundreds digit of 1150?
1
What is the tens digit of 1014?
1
What is the thousands digit of 165165?
5
What is the units digit of 859?
9
What is the thousands digit of 46709?
6
What is the hundreds digit of 9894?
8
What is the units digit of 15535?
5
What is the units digit of 14805?
5
What is the units digit of 465?
5
What is the hundreds digit of 43127?
1
What is the tens digit of 466?
6
What is the units digit of 14956?
6
What is the tens digit of 688?
8
What is the thousands digit of 9970?
9
What is the tens digit of 19734?
3
What is the hundreds digit of 7362?
3
What is the thousands digit of 3242?
3
What is the hundreds digit of 940?
9
What is the hundreds digit of 2078?
0
What is the ten thousands digit of 15081?
1
What is the tens digit of 2678?
7
What is the units digit of 33103?
3
What is the thousands digit of 36761?
6
What is the units digit of 1673?
3
What is the thousands digit of 2743?
2
What is the thousands digit of 43774?
3
What is the hundreds digit of 99159?
1
What is the units digit of 122?
2
What is the hundreds digit of 30307?
3
What is the units digit of 35236?
6
What is the ten thousands digit of 31812?
3
What is the hundreds digit of 570?
5
What is the tens digit of 5772?
7
What is the tens digit of 14840?
4
What is the thousands digit of 9874?
9
What is the tens digit of 99763?
6
What is the units digit of 122624?
4
What is the tens digit of 959?
5
What is the units digit of 959?
9
What is the tens digit of 601?
0
What is the thousands digit of 3486?
3
What is the ten thousands digit of 17211?
1
What is the units digit of 737?
7
What is the hundreds digit of 59990?
9
What is the hundreds digit of 4656?
6
What is the units digit of 55791?
1
What is the hundreds digit of 108889?
8
What is the thousands digit of 4403?
4
What is the hundreds digit of 31237?
2
What is the units digit of 34?
4
What is the units digit of 3682?
2
What is the hundreds digit of 51740?
7
What is the hundreds digit of 15347?
3
What is the units digit of 1829?
9
What is the hundreds digit of 202?
2
What is the hundreds digit of 1073?
0
What is the tens digit of 5168?
6
What is the hundreds digit of 8817?
8
What is the units digit of 777?
7
What is the thousands digit of 2573?
2
What is the hundreds digit of 684?
6
What is the thousands digit of 14551?
4
What is the units digit of 1530?
0
What is the units digit of 35547?
7
What is the units digit of 49738?
8
What is the units digit of 77?
7
What is the ten thousands digit of 36563?
3
What is the tens digit of 4961?
6
What is the hundreds digit of 662?
6
What is the hundreds digit of 1635?
6
What is the thousands digit of 1395?
1
What is the units digit of 5626?
6
What is the thousands digit of 1614?
1
What is the thousands digit of 7611?
7
What is the thousands digit of 54639?
4
What is the units digit of 2879?
9
What is the thousands digit of 2629?
2
What is the tens digit of 2587?
8
What is the hundreds digit of 426?
4
What is the units digit of 529?
9
What is the hundreds digit of 89159?
1
What is the tens digit of 1133?
3
What is the thousands digit of 1027?
1
What is the units digit of 5893?
3
What is the tens digit of 22614?
1
What is the tens digit of 2230?
3
What is the tens digit of 578?
7
What is the hundreds digit of 4208?
2
What is the hundreds digit of 8873?
8
What is the hundred thousands digit of 105490?
1
What is the hundreds digit of 8547?
5
What is the thousands digit of 8946?
8
What is the hundreds digit of 3904?
9
What is the ten thousands digit of 118527?
1
What is the tens digit of 149610?
1
What is the ten thousands digit of 34345?
3
What is the tens digit of 1244?
4
What is the ten thousands digit of 29339?
2
What is the hundreds digit of 52579?
5
What is the tens digit of 4649?
4
What is the tens digit of 2930?
3
What is the ten thousands digit of 29597?
2
What is the hundreds digit of 3449?
4
What is the hundreds digit of 137880?
8
What is the tens digit of 5181?
8
What is the hundreds digit of 13229?
2
What is the units digit of 24972?
2
What is the ten thousands digit of 81702?
8
What is the units digit of 4?
4
What is the hundreds digit of 6660?
6
What is the units digit of 141086?
6
What is the tens digit of 1460?
6
What is the units digit of 4057?
7
What is the units digit of 1931?
1
What is the units digit of 16869?
9
What is the hundreds digit of 123?
1
What is the thousands digit of 8415?
8
What is the hundreds digit of 898?
8
What is the thousands digit of 1997?
1
What is the units digit of 6520?
0
What is the thousands digit of 2594?
2
What is the hundreds digit of 3949?
9
What is the ten thousands digit of 40767?
4
What is the tens digit of 99619?
1
What is the units digit of 11965?
5
What is the thousands digit of 1575?
1
What is the units digit of 1564?
4
What is the units digit of 1041?
1
What is the tens digit of 57045?
4
What is the tens digit of 64?
6
What is the units digit of 14071?
1
What is the units digit of 1281?
1
What is the thousands digit of 2578?
2
What is the units digit of 63750?
0
What is the tens digit of 2631?
3
What is the thousands digit of 4905?
4
What is the tens digit of 3632?
3
What is the hundreds digit of 32005?
0
What is the units digit of 449?
9
What is the units digit of 64295?
5
What is the thousands digit of 21214?
1
What is the thousands digit of 6669?
6
What is the ten thousands digit of 24106?
2
What is the ten thousands digit of 35603?
3
What is the thousands digit of 1872?
1
What is the tens digit of 717?
1
What is the thousands digit of 40755?
0
What is the tens digit of 2992?
9
What is the ten thousands digit of 154680?
5
What is the units digit of 908?
8
What is the thousands digit of 7346?
7
What is the hundreds digit of 1785?
7
What is the thousands digit of 1570?
1
What is the units digit of 1135?
5
What is the units digit of 6326?
6
What is the units digit of 886?
6
What is the tens digit of 655?
5
What is the thousands digit of 64128?
4
What is the tens digit of 1124?
2
What is the units digit of 22421?
1
What is the units digit of 4928?
8
What is the hundreds digit of 2124?
1
What is the units digit of 3261?
1
What is the thousands digit of 2302?
2
What is the units digit of 833?
3
What is the thousands digit of 4122?
4
What is the hundreds digit of 603?
6
What is the hundreds digit of 16181?
1
What is the hundreds digit of 86